mon divisor of n and r.
17
Let i be 118*1 + (-12)/(-6). Calculate the greatest common divisor of i and 24.
24
Let m = 2 + 17. Calculate the greatest common factor of m and 152.
19
Let t = 7 + -15. Let y(a) = a**2. Let m be y(t). Suppose 5*w + 52 = 2*z, w + 49 = 5*z - 35. What is the greatest common divisor of m and z?
16
Suppose 5*k = 4*k + 14. Suppose 20 = -2*n - 4*l, 3*n - l - 5 = -0*l. Suppose x = -2*a - 1, -3*x + 17 = a - n*a. What is the greatest common divisor of x and k?
7
Let p be (-6)/(-27) - 966/(-27). What is the highest common factor of 9 and p?
9
Suppose -5*a + 504 = -a. What is the greatest common factor of 14 and a?
14
Let v = 28 + -15. What is the greatest common factor of 117 and v?
13
Let t be (-32)/(-10) + (-4)/20. Calculate the greatest common factor of t and 3.
3
Let c be (-6)/(-21) - (-54)/7. Suppose -b + 4*b + 3 = 0. Let s be 24/(-10)*(-9 + b). What is the highest common divisor of c and s?
8
Let z(f) = 17*f + 5. Let j be z(5). Calculate the greatest common factor of j and 10.
10
Let t = -25 + 40. Calculate the greatest common divisor of t and 45.
15
Let l = -77 - -84. Calculate the highest common divisor of 35 and l.
7
Suppose 2*d - 5*r = -0*d + 45, -3*d = -r - 48. What is the greatest common factor of d and 30?
15
Let s be ((-12)/(-9))/(4/126). Let f be (-2)/(-5) + 168/30. Calculate the highest common divisor of f and s.
6
Let d(m) = -m + 10. Let w be d(2). What is the highest common divisor of w and 56?
8
Suppose 3*h = -3 + 9. Suppose 0 = 2*i - 0 - 2. Calculate the greatest common divisor of i and h.
1
Let t(a) = -2*a**2 + 2*a + 2. Let u be t(2). Let h(w) = -49*w + 1. Let q be h(u). Let y = 286 - 277. What is the highest common factor of q and y?
9
Suppose 62 = 5*f - 4*p, 0 = -9*f + 4*f - 5*p + 35. What is the highest common divisor of 10 and f?
10
Let z = -26 + 31. Calculate the highest common factor of z and 25.
5
Let u(c) = 2*c - 29. Let q be u(19). Calculate the greatest common factor of 45 and q.
9
Let o be 33/(-9)*-3 + 1. Calculate the highest common factor of 6 and o.
6
Suppose 0*j - 3*j = 0. Let y(x) = 0 + j - 3 - 1 + 4*x. Let l be y(3). What is the greatest common factor of l and 64?
8
Let o be 7/3 + (-1)/3. Let x be (1/(-2))/(o/(-16)). Calculate the greatest common factor of 16 and x.
4
Let j(z) = -z - 3. Let k be j(-9). Suppose 3*s - 2*s = k. Calculate the greatest common divisor of s and 42.
6
Let f = -10 - -20. Calculate the highest common divisor of f and 30.
10
Suppose 11 = 4*h - 29. What is the greatest common factor of 1 and h?
1
Suppose 0*d - 3*d - 3 = 4*q, 5*d = 4*q - 5. Suppose q = t + t - 144. Let p be t/5 - (-4)/(-10). What is the highest common divisor of p and 35?
7
Suppose -4*f - 2*i + 132 + 108 = 0, 4*f - 5*i = 240. Let o be (1/2)/(3/(-276)). Let z = -31 - o. What is the greatest common divisor of f and z?
15
Let l(k) = -k**3 - 3*k**2 + 5*k + 19. Let b be l(-5). Calculate the highest common divisor of 22 and b.
22
Suppose -5*r + 3*r = -14. Let p(y) = 2*y + 2. Let u be p(r). Let z = 28 - u. Calculate the highest common divisor of z and 108.
12
Let o(f) = f**2 + 9*f - 24. Let k be o(-12). What is the greatest common divisor of 84 and k?
12
Let s(k) = 13*k**2 + 2*k + 1. Let x be 3/(4/((-32)/(-6))). Suppose -3*n + x*n - 2 = 0. Let o be s(n). Calculate the highest common divisor of 19 and o.
19
Suppose 0 = -2*j + 2*z + 60, -18 - 20 = -j + 5*z. Let n = -1 + 5. Let u be (28 - 7)/(6/n). Calculate the highest common divisor of u and j.
14
Let u(v) = 0 - v + 4 - 5. Let z be u(-1). Suppose x - 1 - 8 = z. What is the highest common divisor of 9 and x?
9
Suppose 2*n = 4*n - 3*b - 133, 261 = 4*n - b. What is the greatest common divisor of 26 and n?
13
Suppose n = 2*r - 0 + 1, n - 9 = -2*r. Let o be (18 + -8)/(r/1). What is the highest common divisor of o and 2?
1
Let y = 0 - -11. Let u = -7 + 10. Suppose -b + u*b = 154. Calculate the highest common divisor of y and b.
11
Suppose 4*h + 14 = 5*k, 4*k + 7*h = 2*h + 3. Let q be 68/(3/(6/k)). Suppose 4*i - 3*j - q = 2*j, 3*j = 2*i - 34. What is the highest common factor of 119 and i?
17
Let d(r) = -r - 5. Let k be d(-6). Let p be 11/2*(-1 - -3). What is the highest common divisor of k and p?
1
Suppose -2*p = 3*p - 175. What is the greatest common factor of p and 14?
7
Let u be 4/(-14) - 16266/(-42). Let z be (-3)/((-3)/(-2)) + 4. Suppose z*f = -27 + u. What is the highest common factor of f and 20?
20
Let k = 23 - 14. Suppose -1 = 4*q - k. What is the greatest common factor of 4 and q?
2
Let w = 13 + -26. Let m(d) = -d - 11. Let h be m(w). Calculate the greatest common factor of h and 8.
2
Suppose -5*d = -5*t + 5, -2*t - 2*t = 2*d - 22. Suppose 4*j - 4 = -4*p, 0 = t*p - j - 2*j - 25. Calculate the highest common divisor of 2 and p.
2
Let x be -33*(2 - (-44)/(-12)). Suppose 4*z - 5*z = -22. Calculate the highest common divisor of x and z.
11
Suppose -a = -3*t + 22 + 5, -a = -4*t + 37. Suppose 2*v = -3*v + 350. Calculate the highest common factor of t and v.
10
Suppose 4*k + 22 = 6*k. Suppose 1 = -2*u + k. Let z = 20 - u. What is the highest common factor of 135 and z?
15
Let d be (14/8)/((-1)/(-4)). Suppose 0 + d = -t - 2*x, 0 = t - 2*x + 19. Let o = 14 - t. Calculate the highest common factor of o and 3.
3
Let c = 674 - 366. Calculate the highest common factor of 28 and c.
28
Let w be (-42)/5*45/(-18). What is the highest common factor of w and 84?
21
Let l(q) = 4*q**2 - 1. Let o be l(-2). Let z = -9 + 5. Let r = z + o. What is the greatest common factor of r and 77?
11
Let a be 6*((-2)/3 + 0). Let k be 330/a*12/(-15). What is the highest common divisor of 6 and k?
6
Let s = 47 - 25. Calculate the highest common divisor of s and 33.
11
Suppose -74 = -4*z - 5*y - 19, -5*z + y + 76 = 0. Let w = 18 - -37. Suppose 3*q + 5*v - w = 0, -q + 21 = 2*v + v. What is the highest common divisor of z and q?
15
Let x = 13 + -8. Let b(k) = k - 2. Let c be b(x). Suppose -w + c*w - 66 = 0. What is the greatest common factor of 11 and w?
11
Let s(r) = r**2 + 4*r + 2. Let b be s(-5). Let l = b + -1. Let v be l/(-21) - (-58)/7. What is the highest common divisor of v and 24?
8
Let u = 157 + -80. Suppose 29 - u = -4*n. What is the greatest common factor of 36 and n?
12
Let p be (-168)/(-16)*8/6. Let f = 20 - p. What is the greatest common factor of 3 and f?
3
Let n(k) = 3*k**2 + 10*k - 28. Let l be n(-11). Calculate the greatest common factor of l and 25.
25
Suppose 0 = 2*v + 4*q - 2, 3*v - 2 = 4*v + 3*q. What is the greatest common divisor of v and 28?
7
Let q(j) = -2 + 2*j**2 + 1 - 3 + 3*j. Let b be q(-4). What is the highest common factor of b and 48?
16
Suppose 246 = 5*f + 2*b - 154, -3*b = -4*f + 320. Calculate the greatest common factor of 10 and f.
10
Let w = 5 + -3. Suppose -4*z = 0, -3*x - 420 = -5*x - w*z. Suppose 5*j = -2*y + 40 + 156, -5*j + 5*y + x = 0. What is the greatest common factor of 5 and j?
5
Suppose -2*f - f = -642. Let b = -144 + f. What is the greatest common factor of 10 and b?
10
Let o = 86 - 76. Calculate the greatest common divisor of 10 and o.
10
Let q(y) = 9*y**2 - 4*y + 2. Let w be q(2). Let k be -1*6/(-15)*w. What is the greatest common divisor of 108 and k?
12
Let b(u) = -u + 21. Let k be b(-6). Calculate the greatest common divisor of 243 and k.
27
Let h be 3*-1*(-10)/3. Let v(b) = 7*b - 1. Let u = -14 + 17. Let t be v(u). Calculate the highest common divisor of h and t.
10
Suppose -5*f + 5 = -4*m - 1, -4*m = -4*f + 8. Let r be f/3 - 563/(-3). What is the greatest common factor of 17 and r?
17
Let f(g) = 4*g**2 - 2*g - 4. Let c(a) = a**2. Let q(o) = -2*c(o) + f(o). Let d be q(-3). Calculate the highest common divisor of 180 and d.
20
Let o = 53 + -27. What is the greatest common divisor of 13 and o?
13
Let q = -7 + 23. Suppose 0 = 5*r + 2*d, -r + 3*d + 12 = d. Calculate the greatest common factor of q and r.
2
Let g be (-820)/15*(-6)/4. Suppose 2*h - 83 = -2*h + 5*f, -5*h + g = f. What is the greatest common factor of h and 68?
17
Let t(o) be the first derivative of -o**4/4 + 3*o**3 - 2*o**2 - 6*o - 4. Let d be t(8). Calculate the greatest common divisor of 65 and d.
13
Let q(y) be the second derivative of y**5/20 - y**4/4 + y**3/6 + 4*y. Let s be q(4). What is the greatest common divisor of s and 10?
10
Let u = -5 - -20. Let w be (4/(-10))/((